{"id":1169,"date":"2018-10-18T23:15:11","date_gmt":"2018-10-18T21:15:11","guid":{"rendered":"http:\/\/theaterkonstellationen.ch\/?page_id=1169"},"modified":"2023-02-10T23:39:09","modified_gmt":"2023-02-10T22:39:09","slug":"lugano-paradiso-oder-so-schoen-wie-dieses-jahr-hat-der-flieder-lange-nicht-geblueht","status":"publish","type":"page","link":"https:\/\/jonasknecht.com\/?page_id=1169","title":{"rendered":"Lugano Paradiso"},"content":{"rendered":"<h2><strong>ODER SO SCH\u00d6N WIE DIESES JAHR HAT DER FLIEDER LANGE NICHT GEBL\u00dcHT<\/strong><\/h2>\n<h2><span style=\"color: #ffffff;\">.<\/span><br \/>\nTheater St.Gallen |\u00a0Urauff\u00fchrung von Andreas Sauter<\/h2>\n<p>&nbsp;<\/p>\n<p>\n\t\t<!-- MasterSlider -->\n\t\t<div id=\"P_MS65e8de7f5dbc9\" class=\"master-slider-parent ms-parent-id-2\" style=\"\" >\n\n\t\t\t\n\t\t\t<!-- MasterSlider Main -->\n\t\t\t<div id=\"MS65e8de7f5dbc9\" class=\"master-slider ms-skin-default\" >\n\t\t\t\t \t\t\t\t \n\n\t\t\t<div  class=\"ms-slide\" data-delay=\"3\" data-fill-mode=\"fit\"   >\n\t\t\t\t\t<img decoding=\"async\" src=\"https:\/\/jonasknecht.com\/wp-content\/plugins\/masterslider\/public\/assets\/css\/blank.gif\" alt=\"\" title=\"lugano_hollywood\" data-src=\"https:\/\/jonasknecht.com\/wp-content\/uploads\/2018\/06\/lugano_hollywood.jpg\" \/>\n\n\n\t\t\t\t<\/div>\n\t\t\t<div  class=\"ms-slide\" data-delay=\"3\" data-fill-mode=\"fit\"   >\n\t\t\t\t\t<img decoding=\"async\" src=\"https:\/\/jonasknecht.com\/wp-content\/plugins\/masterslider\/public\/assets\/css\/blank.gif\" alt=\"\" title=\"DRAMA2018033-0048\" data-src=\"https:\/\/jonasknecht.com\/wp-content\/uploads\/2018\/10\/DRAMA2018033-0048.jpg\" \/>\n\n\n\t\t\t\t<\/div>\n\t\t\t<div  class=\"ms-slide\" data-delay=\"3\" data-fill-mode=\"fit\"   >\n\t\t\t\t\t<img decoding=\"async\" src=\"https:\/\/jonasknecht.com\/wp-content\/plugins\/masterslider\/public\/assets\/css\/blank.gif\" alt=\"\" title=\"DRAMA2018033-0010\" data-src=\"https:\/\/jonasknecht.com\/wp-content\/uploads\/2018\/10\/DRAMA2018033-0010.jpg\" \/>\n\n\n\t\t\t\t<\/div>\n\t\t\t<div  class=\"ms-slide\" data-delay=\"3\" data-fill-mode=\"fit\"   >\n\t\t\t\t\t<img decoding=\"async\" src=\"https:\/\/jonasknecht.com\/wp-content\/plugins\/masterslider\/public\/assets\/css\/blank.gif\" alt=\"\" title=\"DRAMA2018033-0033\" data-src=\"https:\/\/jonasknecht.com\/wp-content\/uploads\/2018\/10\/DRAMA2018033-0033.jpg\" \/>\n\n\n\t\t\t\t<\/div>\n\t\t\t<div  class=\"ms-slide\" data-delay=\"3\" data-fill-mode=\"fit\"   >\n\t\t\t\t\t<img decoding=\"async\" src=\"https:\/\/jonasknecht.com\/wp-content\/plugins\/masterslider\/public\/assets\/css\/blank.gif\" alt=\"\" title=\"DRAMA2018033-0091\" data-src=\"https:\/\/jonasknecht.com\/wp-content\/uploads\/2018\/10\/DRAMA2018033-0091.jpg\" \/>\n\n\n\t\t\t\t<\/div>\n\t\t\t<div  class=\"ms-slide\" data-delay=\"3\" data-fill-mode=\"fit\"   >\n\t\t\t\t\t<img decoding=\"async\" src=\"https:\/\/jonasknecht.com\/wp-content\/plugins\/masterslider\/public\/assets\/css\/blank.gif\" alt=\"\" title=\"DRAMA2018033-0085\" data-src=\"https:\/\/jonasknecht.com\/wp-content\/uploads\/2018\/10\/DRAMA2018033-0085.jpg\" \/>\n\n\n\t\t\t\t<\/div>\n\t\t\t<div  class=\"ms-slide\" data-delay=\"3\" data-fill-mode=\"fit\"   >\n\t\t\t\t\t<img decoding=\"async\" src=\"https:\/\/jonasknecht.com\/wp-content\/plugins\/masterslider\/public\/assets\/css\/blank.gif\" alt=\"\" title=\"DRAMA2018033-0069\" data-src=\"https:\/\/jonasknecht.com\/wp-content\/uploads\/2018\/10\/DRAMA2018033-0069.jpg\" \/>\n\n\n\t\t\t\t<\/div>\n\t\t\t<div  class=\"ms-slide\" data-delay=\"3\" data-fill-mode=\"fit\"   >\n\t\t\t\t\t<img decoding=\"async\" src=\"https:\/\/jonasknecht.com\/wp-content\/plugins\/masterslider\/public\/assets\/css\/blank.gif\" alt=\"\" title=\"DRAMA2018033-0057\" data-src=\"https:\/\/jonasknecht.com\/wp-content\/uploads\/2018\/10\/DRAMA2018033-0057.jpg\" \/>\n\n\n\t\t\t\t<\/div>\n\t\t\t<div  class=\"ms-slide\" data-delay=\"3\" data-fill-mode=\"fit\"   >\n\t\t\t\t\t<img decoding=\"async\" src=\"https:\/\/jonasknecht.com\/wp-content\/plugins\/masterslider\/public\/assets\/css\/blank.gif\" alt=\"\" title=\"DRAMA2018033-0027\" data-src=\"https:\/\/jonasknecht.com\/wp-content\/uploads\/2018\/10\/DRAMA2018033-0027.jpg\" \/>\n\n\n\t\t\t\t<\/div>\n\t\t\t<div  class=\"ms-slide\" data-delay=\"3\" data-fill-mode=\"fit\"   >\n\t\t\t\t\t<img decoding=\"async\" src=\"https:\/\/jonasknecht.com\/wp-content\/plugins\/masterslider\/public\/assets\/css\/blank.gif\" alt=\"\" title=\"DRAMA2018033-0128\" data-src=\"https:\/\/jonasknecht.com\/wp-content\/uploads\/2018\/10\/DRAMA2018033-0128.jpg\" \/>\n\n\n\t\t\t\t<\/div>\n\t\t\t<div  class=\"ms-slide\" data-delay=\"3\" data-fill-mode=\"fit\"   >\n\t\t\t\t\t<img decoding=\"async\" src=\"https:\/\/jonasknecht.com\/wp-content\/plugins\/masterslider\/public\/assets\/css\/blank.gif\" alt=\"\" title=\"DRAMA2018033-0165\" data-src=\"https:\/\/jonasknecht.com\/wp-content\/uploads\/2018\/10\/DRAMA2018033-0165-1.jpg\" \/>\n\n\n\t\t\t\t<\/div>\n\t\t\t<div  class=\"ms-slide\" data-delay=\"3\" data-fill-mode=\"fit\"   >\n\t\t\t\t\t<img decoding=\"async\" src=\"https:\/\/jonasknecht.com\/wp-content\/plugins\/masterslider\/public\/assets\/css\/blank.gif\" alt=\"\" title=\"DRAMA2018033-0174\" data-src=\"https:\/\/jonasknecht.com\/wp-content\/uploads\/2018\/10\/DRAMA2018033-0174.jpg\" \/>\n\n\n\t\t\t\t<\/div>\n\t\t\t<div  class=\"ms-slide\" data-delay=\"3\" data-fill-mode=\"fit\"   >\n\t\t\t\t\t<img decoding=\"async\" src=\"https:\/\/jonasknecht.com\/wp-content\/plugins\/masterslider\/public\/assets\/css\/blank.gif\" alt=\"\" title=\"DRAMA2018033-0139\" data-src=\"https:\/\/jonasknecht.com\/wp-content\/uploads\/2018\/10\/DRAMA2018033-0139.jpg\" \/>\n\n\n\t\t\t\t<\/div>\n\t\t\t<div  class=\"ms-slide\" data-delay=\"3\" data-fill-mode=\"fit\"   >\n\t\t\t\t\t<img decoding=\"async\" src=\"https:\/\/jonasknecht.com\/wp-content\/plugins\/masterslider\/public\/assets\/css\/blank.gif\" alt=\"\" title=\"DRAMA2018033-0153\" data-src=\"https:\/\/jonasknecht.com\/wp-content\/uploads\/2018\/10\/DRAMA2018033-0153.jpg\" \/>\n\n\n\t\t\t\t<\/div>\n\t\t\t<div  class=\"ms-slide\" data-delay=\"3\" data-fill-mode=\"fit\"   >\n\t\t\t\t\t<img decoding=\"async\" src=\"https:\/\/jonasknecht.com\/wp-content\/plugins\/masterslider\/public\/assets\/css\/blank.gif\" alt=\"\" title=\"DRAMA2018033-0224\" data-src=\"https:\/\/jonasknecht.com\/wp-content\/uploads\/2018\/10\/DRAMA2018033-0224.jpg\" \/>\n\n\n\t\t\t\t<\/div>\n\t\t\t<div  class=\"ms-slide\" data-delay=\"3\" data-fill-mode=\"fit\"   >\n\t\t\t\t\t<img decoding=\"async\" src=\"https:\/\/jonasknecht.com\/wp-content\/plugins\/masterslider\/public\/assets\/css\/blank.gif\" alt=\"\" title=\"DRAMA2018033-0207\" data-src=\"https:\/\/jonasknecht.com\/wp-content\/uploads\/2018\/10\/DRAMA2018033-0207-1.jpg\" \/>\n\n\n\t\t\t\t<\/div>\n\n\t\t\t<\/div>\n\t\t\t<!-- END MasterSlider Main -->\n\n\t\t\t \n\t\t<\/div>\n\t\t<!-- END MasterSlider -->\n\n\t\t<script>\n\t\t( window.MSReady = window.MSReady || [] ).push( function( $ ) {\n\n\t\t\t\"use strict\";\n\t\t\tvar masterslider_dbc9 = new MasterSlider();\n\n\t\t\t\/\/ slider controls\n\t\t\tmasterslider_dbc9.control('arrows'     ,{ autohide:false, overVideo:false  });\n\t\t\t\/\/ slider setup\n\t\t\tmasterslider_dbc9.setup(\"MS65e8de7f5dbc9\", {\n\t\t\t\twidth           : 800,\n\t\t\t\theight          : 500,\n\t\t\t\tminHeight       : 0,\n\t\t\t\tspace           : 0,\n\t\t\t\tstart           : 1,\n\t\t\t\tgrabCursor      : false,\n\t\t\t\tswipe           : true,\n\t\t\t\tmouse           : true,\n\t\t\t\tkeyboard        : false,\n\t\t\t\tlayout          : \"fillwidth\",\n\t\t\t\twheel           : false,\n\t\t\t\tautoplay        : false,\n                instantStartLayers:false,\n\t\t\t\tmobileBGVideo:false,\n\t\t\t\tloop            : true,\n\t\t\t\tshuffle         : false,\n\t\t\t\tpreload         : 0,\n\t\t\t\theightLimit     : true,\n\t\t\t\tautoHeight      : false,\n\t\t\t\tsmoothHeight    : true,\n\t\t\t\tendPause        : false,\n\t\t\t\toverPause       : true,\n\t\t\t\tfillMode        : \"fill\",\n\t\t\t\tcenterControls  : true,\n\t\t\t\tstartOnAppear   : false,\n\t\t\t\tlayersMode      : \"center\",\n\t\t\t\tautofillTarget  : \"\",\n\t\t\t\thideLayers      : false,\n\t\t\t\tfullscreenMargin: 0,\n\t\t\t\tspeed           : 10,\n\t\t\t\tdir             : \"h\",\n\t\t\t\tresponsive      : true,\n\t\t\t\ttabletWidth     : 768,\n\t\t\t\ttabletHeight    : null,\n\t\t\t\tphoneWidth      : 480,\n\t\t\t\tphoneHeight    : null,\n\t\t\t\tsizingReference : window,\n\t\t\t\tparallaxMode    : 'swipe',\n\t\t\t\tview            : \"basic\"\n\t\t\t});\n\n\t\t\t\n\t\t\twindow.masterslider_instances = window.masterslider_instances || [];\n\t\t\twindow.masterslider_instances.push( masterslider_dbc9 );\n\t\t});\n\t\t<\/script>\n\n \u00a9 Fotos drama-berlin.de \/ Iko Freese<\/p>\n<p><strong>Die Premiere war am Donnerstag, 22. M\u00e4rz 2018 am Theater St. Gallen in der Lokremise.<\/strong><\/p>\n<div class=\"bcc-column-cont row mceNonEditable\">\n<div class=\"bcc-column col-lg-6 col-md-6 col-sm-12 col-xs-12\">\n<p><strong>Team<br \/>\n<\/strong>Inszenierung: Jonas Knecht<br \/>\nB\u00fchne: Markus Karner<br \/>\nKost\u00fcm: Heidi Walter<br \/>\nKomposition \/ Live-Musik: Andi Peter, Nico Feer<br \/>\nChoreographie: Sergiu Matis<br \/>\nDramaturgie: Anja Horst<\/p>\n<\/div>\n<div class=\"bcc-column col-lg-6 col-md-6 col-sm-12 col-xs-12\">\n<p><strong>Spiel<br \/>\nBirgit B\u00fccker:<\/strong> Ilka Baer, ehemaliges P26 Mitglied<br \/>\n<strong>Hans Ruedi Sp\u00fchler:<\/strong> Peter M\u00fcller, Journalist, ehemals \u201erevolution\u00e4rer\u201c Linker<br \/>\n<strong>Bruno Riedl:<\/strong> Ottokar Hermann, Gesch\u00e4ftsmann<br \/>\n<strong>Diana Dengler:<\/strong> Journalistin, Befragerin im Ausschuss des Deutschen Bundestages<br \/>\n<strong>Anja Tobler:<\/strong> Journalistin, Befragerin im Ausschuss des Deutschen Bundestages<br \/>\n<strong>Fabian M\u00fcller:<\/strong> Staaatssch\u00fctzer-Ausbildner, Onkel von Ilka Baers Mann, P26 Ausbildner, Mitglied in der Atomkommission, Anwalt Dubois, Oberleutnant Lorenz<br \/>\n<strong>Jessica Cuna:<\/strong> Staatssch\u00fctzerin der Schweizer Bundespolizei, Betroffene des DDR-Regimes<br \/>\n<strong>Stefanie Fischer, Swane K\u00fcpper, Emily Pak, Giulio Panzi:<\/strong> Staatssch\u00fctzer in Ausbildung, P26er in Ausbildung, Mitglieder der Atomkommission, Stasi-Spitzel, Betroffene des DDR-Regimes<\/p>\n<div class=\"bcc-column-cont row mceNonEditable\"><\/div>\n<\/div>\n<div class=\"clearfix mceNonEditable\"><\/div>\n<\/div>\n<hr \/>\n<h1>Das Projekt<\/h1>\n<p><strong>Die Fichen-Aff\u00e4re Ende der 1980er Jahre und die Aufdeckung der P26 haben gezeigt, dass Spionage und \u00dcberwachung im Kalten Krieg allt\u00e4glich waren, auch in der Schweiz. Als aber bekannt wurde, in welchem Umfang Menschen vom Staat \u00fcberwacht worden waren, f\u00fchrte das zu gro\u00dfer Verunsicherung in der Bev\u00f6lkerung.<\/strong><br \/>\n<strong>Ein fesselndes Themenfeld f\u00fcr Schauspieldirektor Jonas Knecht und den Schweizer Dramatiker und H\u00f6rspielmacher Andreas Sauter, der bereits in der letzten Spielzeit mit Knecht das Autorentheaterprojekt Das Schweigen der Schweiz entwickelte und daf\u00fcr ein Kurzdrama schrieb. Jonas Knecht, der mit seiner Arbeit in St.Gallen sowohl das Autorentheater als auch die Auseinandersetzung mit Schweizer Themen f\u00f6rdert, erteilt einen St\u00fcckauftrag.<\/strong><br \/>\n<strong>Andreas Sauter beginnt mit einer umfangreichen Recherche, in der sich zeigt, dass die Zeit des Kalten Krieges ein kaum aufgearbeitetes Kapitel Schweizer Geschichte ist. Vieles bleibt im Verborgenen, nicht zuletzt die k\u00fcrzlich verschwundenen Akten der P26. Der Arbeitstitel des St\u00fcckes lautet &#8222;Im Eis&#8220;. \u201eDinge verschwinden nicht\u201c, schreibt Andreas Sauter \u00fcber sein St\u00fcck. \u201eEgal ob sie unter den Teppich gekehrt oder offen gelebt worden sind. Wir sind Teil dieser Welt, und sie ist Teil von uns. Vielleicht kommen die Dinge irgendwann aus dem Schatten, vielleicht bleiben sie f\u00fcr immer verborgen, aber selbst dann sind sie da. Pr\u00e4gen uns, machen uns aus. Das macht diesen Stoff so aktuell. Mit jedem Fenster, das ich im Verlauf der Arbeit ge\u00f6ffnet, jedem Stein, den ich umgedreht habe, jeder Geschichte, der ich nachgegangen bin &#8211; ich bin in der Gegenwart gelandet.\u201c<\/strong><\/p>\n<p><strong>Ungew\u00f6hnliche Kooperation dreier Kulturinstitutionen<\/strong><br \/>\nZeitgleich mit dem Beginn der Recherchearbeit zu &#8222;Im Eis&#8220; (Ende 2016) f\u00fchrt Jonas Knecht Gespr\u00e4che mit dem Direktor des St.Galler Kunstmuseums, Roland W\u00e4spe. Man denkt \u00fcber eine m\u00f6gliche Zusammenarbeit nach, in die auch das Kinok, Cinema in der Lokremise miteinbezogen werden k\u00f6nnte. W\u00e4spe macht Jonas Knecht auf die K\u00fcnstlerin Bettina Pousttchi aufmerksam, die dieser kurz darauf in Berlin kennenlernt.<br \/>\nPousttchi hat sich in ihrem international wahrgenommenen Schaffen h\u00e4ufig mit der Verbindung von Systemen der Zeit und des Raums besch\u00e4ftigt, die sie in eindr\u00fccklichen Videoarbeiten und skulpturalen Setzungen seit den 1990er Jahren realisiert. Ihre grossformatigen Installationen sind perfekt auf eine Ausstellung in der Kunstzone der Lokremise zugeschnitten. Vor allem in ihrer Auseinandersetzung mit soziologischen Fragen im Zusammenhang mit dem Aufbau und der Zerst\u00f6rung von Schutz, sieht Jonas Knecht eine bestechende N\u00e4he zum geplanten St\u00fcck. Aus der vagen Idee einer Zusammenarbeit entwickelt sich ein konkretes Projekt, dem sich auch das Kinok anschliesst.<br \/>\nVom 17. Februar bis zum 17. Juni 2018 wird die Ausstellung Protection von Bettina Pousttchi in der Kunstzone der Lokremise zu sehen sein. Dort spielt auch der zweite Teil des Theaterst\u00fccks Lugano Paradiso, das am 22. M\u00e4rz Premiere feiert. Begleitend zur Ausstellung und zur Inszenierung zeigt das Kinok eine Filmreihe zum Thema \u00dcberwachung. Geplant sind unter anderem Klassiker wie The Conversation, das mit dem Oscar ausgezeichnete deutsche Stasi-Drama Das Leben der Anderen oder auch das britische Drama Red Road von Andrea Arnold.<\/p>\n<p><strong>Aus &#8222;Im Eis&#8220; wird Lugano Paradiso<\/strong><br \/>\nGewappnet mit dem Zivilverteidigungsbuch machen sich die Eidgenossen bereit zur Landesverteidigung. Eine Geheimorganisation zur St\u00e4rkung des Widerstandswillens, P26, wird gegr\u00fcndet. Der Staat bespitzelt und fichiert mehr als 800&#8217;000 Menschen. Alle, die sich nicht im b\u00fcrgerlichen oder rechtsb\u00fcrgerlichen Mainstream bewegen, machen sich verd\u00e4chtig. Die geistige Landesverteidigung m\u00fcndet in einem skurrilen Sicherheitsdenken. Doch es finden sich L\u00f6cher im Eisernen Vorhang. Die neutrale Schweiz, die das Handelsembargo der Westm\u00e4chte gegen den Ostblock nicht offiziell st\u00fctzt, wird zum Umschlagplatz aller erdenklichen Embargog\u00fcter. Dubiose Gesch\u00e4ftsleute lassen sich nieder, gr\u00fcnden Briefkastenfirmen. Ein geheimer, undurchschaubarer Wirtschaftsapparat, der Gewinne in Millionenh\u00f6he einstreicht und auf Schweizer Konten verschwinden l\u00e4sst. Geduldet von Schweizer Beh\u00f6rden, gelenkt vom Ministerium f\u00fcr Staatssicherheit der DDR.<br \/>\nDas Personal in Lugano Paradiso ist gross, die Dramaturgie bestechend: Scheinbar nebeneinander agierend, stossen die Figuren immer wieder aufeinander: Staatssch\u00fctzer, Journalisten, Widerstandsk\u00e4mpfer der P26, Befrager, Anw\u00e4lte, skrupellose Gesch\u00e4ftemacher, Opfer. Jeder beobachtet jeden. Jeder ist verd\u00e4chtig. Eine Stimmung von Angst, Misstrauen und bedingungslosem Widerstandswillen breitet sich aus. Dadurch, dass Sauter die Begegnung der Figuren zum Teil auf verschiedenen Zeitebenen stattfinden l\u00e4sst, entsteht eine flirrende, mal erschreckende, mal absurde Atmosph\u00e4re, die sich zunehmend verdichtet und eine anhaltende, st\u00e4ndig korrespondierende Verbindung zwischen Vergangenheit und Gegenwart herstellt. \u201eDinge verschwinden nicht\u201c, wie Andreas Sauter schreibt. Es entsteht ein Sog, der den Zuschauer aus der Haltung des unbeteiligten Betrachters reisst und ihn mitten in die Wirren dieser brisanten Zeit katapultiert.<br \/>\nLugano Paradiso basiert auf Interviews mit Zeitzeugen aus St.Gallen, auf Stasi-Akten, Akten aus dem Schweizer Bundesarchiv, Filmausschnitten des Schweizer Fernsehens, sowie einer Befragung aus dem Bundestag. Dokumentarisch genau beschreibt Sauter die atomare Bedrohung, das Wettr\u00fcsten, das antikommunistisch aufgeladene Klima in der Schweiz, die sich zum \u00dcberwachungsstaat entwickelt, sich als Bollwerk gegen kommunistische Unterwanderung versteht und zur gleichen Zeit das DDR- Regime durch ihre Passivit\u00e4t und Duldung der Umgehungsgesch\u00e4fte jahrzehntelang st\u00fctzt und sich bereichert. Lugano Paradiso ist eine rasante Reise durch die j\u00fcngste Geschichte, die nicht mit dem Kalten Krieg endet, sondern bis ins Heute f\u00fchrt und dr\u00e4ngende Fragen auf unsere Zukunft wirft. Die Bedrohungslage hat sich verschoben: Heute bek\u00e4mpfen wir den Terrorismus, versch\u00e4rfen Gesetze, nehmen die \u00dcberwachung der Telekommunikation und des \u00f6ffentlichen Raumes in Kauf. Datenspeicherung ist im digitalen Zeitalter allt\u00e4glich geworden, der gl\u00e4serne Mensch nahezu Realit\u00e4t.<\/p>\n<p><strong>Eine Herausforderung in der Umsetzung<\/strong><br \/>\nDas dichte, \u00fcberbordende Theaterst\u00fcck von Andreas Sauter, das sich in drei Teile gliedert, stellt hohe Anforderungen an den Regisseur Jonas Knecht.<br \/>\nDie Zusammenarbeit mit den Kulturpartnern der Lokremise spielt dabei eine zentrale Rolle: Bespielt werden neben dem Theatersaal auch die Kunstzone und das Kinok in unterschiedlichsten Formen.<br \/>\nJeder Spielort hat ein extrem eigenes Charakteristikum und zwingen das Team um Knecht, die theatralen Ausdrucksmittel zu hinterfragen, und nach jeweils anderen Spielformen und Erz\u00e4hlweisen zu suchen.<br \/>\nSo werden an der Umsetzung nicht nur Schauspieler, sondern auch T\u00e4nzer und Musiker beteiligt sein.<br \/>\nEin ungew\u00f6hnlicher Theaterabend \u2013 gespielt in drei verschiedenen R\u00e4umen der Lokremise \u2013 wird entstehen, bei dem Tanz, Schauspiel, H\u00f6rspiel und Film ineinandergreifen und die Zuschauerinnen und Zuschauer in jedem Raum auf&#8217;s Neue herausfordern werden.<\/p>\n<hr \/>\n<p>&nbsp;<\/p>\n<h1>Trailer<\/h1>\n<p><iframe loading=\"lazy\" title=\"Theater St.Gallen \/ Trailer \/ Lugano Paradiso (Andreas Sauter) \/ Urauff\u00fchrung\" src=\"https:\/\/player.vimeo.com\/video\/265799197?dnt=1&amp;app_id=122963\" width=\"500\" height=\"281\" frameborder=\"0\" allow=\"autoplay; fullscreen; picture-in-picture; clipboard-write\"><\/iframe><\/p>\n<hr \/>\n<h1>Presse<\/h1>\n<p style=\"text-align: left;\"><strong>Harald M\u00fcller im Theater der Zeit (Heft Mai 2018) schrieb:<\/strong><br \/>\n[&#8230;] Es gibt sie noch, die Versuche, allen Ich-Beteuerungen zum Trotz gr\u00f6\u00dfere (Macht-) Dimensionen auf dem Theater zu etablieren, Konflikte statt Problemchen zu benennen und diese als wirkungsvolle Vorgaben f\u00fcr relevantes Theater zu entdecken. Dieser Tage zu besichtigen in St. Gallen, der Hauptstadt der Ostschweiz, in dessen Theater der junge Schauspieldirektor Jonas Knecht seit 2016 ein avanciertes Gegenwartstheater anbietet, welches jenseits von Alarmismus und Aufgesetztheit den grunds\u00e4tzlichen Konfliktfeldern in der Schweiz und der Welt nachsp\u00fcrt \u2013 mit Wirkungen in der Stadtgesellschaft, namentlich der jungen Generation, und Erfolg. Gerade wurde Knechts Vertrag um weitere drei Jahre verl\u00e4ngert. [&#8230;]<\/p>\n<p><strong>Daniele Muscionico meinte in der <a href=\"https:\/\/www.nzz.ch\/feuilleton\/hysterie-patientin-schweiz-ld.1370294\" target=\"_blank\" rel=\"noopener\">NZZ<\/a> vom 29.03.2018:<br \/>\n<\/strong>[&#8230;] Wenn Kunst eine Wahrheit hat, ist sie zumutbar. Die Wahrheit der Politik ist es schliesslich auch. Man kann, was unter Jonas Knecht am Theater St. Gallen geschieht, auch Menschenliebe nennen. Denn man soll guten Willens davon ausgehen: Knecht glaubt an die aufkl\u00e4rerische Funktion von Theater und die Lernbereitschaft seines Publikums.<br \/>\nMan kann aber auch anders \u2013 und hier einem Theater vorhalten, dass es sich mit dem Ausmisten eines schweizerischen Augiasstalls so viel an Stoff vornimmt, wie in einem Studiensemester kaum zu bew\u00e4ltigen w\u00e4re. Zudem, auch Knecht arbeitet verdeckt, an einer St. Galler Dramaturgie n\u00e4mlich. Das darf er nicht \u2013 er muss. Andreas Sauters Urauff\u00fchrung schreibt die Reihe Gegenwartsstoffe weiter, die in St. Gallen in Auftrag gegeben werden und den Kanon eines jungen politischen Schweizer Theaterschaffens etablieren. Wer von einer B\u00fchne Relevanz will, schafft sich wie hier einen Hallraum, in dem ein Publikum vielleicht nicht immer alles, aber immer mehr von seiner Zeit versteht. [&#8230;]<\/p>\n<hr \/>\n<p>&nbsp;<\/p>\n","protected":false},"excerpt":{"rendered":"<p>ODER SO SCH\u00d6N WIE DIESES JAHR HAT DER FLIEDER LANGE NICHT GEBL\u00dcHT . Theater St.Gallen |\u00a0Urauff\u00fchrung von Andreas Sauter &nbsp; \u00a9 Fotos drama-berlin.de \/ Iko&#8230;<\/p>\n<div class=\"more-link-wrapper\"><a class=\"more-link\" href=\"https:\/\/jonasknecht.com\/?page_id=1169\">Weiterlesen<span class=\"screen-reader-text\">Lugano Paradiso<\/span><\/a><\/div>\n","protected":false},"author":1,"featured_media":0,"parent":133,"menu_order":0,"comment_status":"closed","ping_status":"closed","template":"","meta":{"footnotes":""},"class_list":["post-1169","page","type-page","status-publish","hentry","ratio-natural","entry"],"_links":{"self":[{"href":"https:\/\/jonasknecht.com\/index.php?rest_route=\/wp\/v2\/pages\/1169","targetHints":{"allow":["GET"]}}],"collection":[{"href":"https:\/\/jonasknecht.com\/index.php?rest_route=\/wp\/v2\/pages"}],"about":[{"href":"https:\/\/jonasknecht.com\/index.php?rest_route=\/wp\/v2\/types\/page"}],"author":[{"embeddable":true,"href":"https:\/\/jonasknecht.com\/index.php?rest_route=\/wp\/v2\/users\/1"}],"replies":[{"embeddable":true,"href":"https:\/\/jonasknecht.com\/index.php?rest_route=%2Fwp%2Fv2%2Fcomments&post=1169"}],"version-history":[{"count":10,"href":"https:\/\/jonasknecht.com\/index.php?rest_route=\/wp\/v2\/pages\/1169\/revisions"}],"predecessor-version":[{"id":1561,"href":"https:\/\/jonasknecht.com\/index.php?rest_route=\/wp\/v2\/pages\/1169\/revisions\/1561"}],"up":[{"embeddable":true,"href":"https:\/\/jonasknecht.com\/index.php?rest_route=\/wp\/v2\/pages\/133"}],"wp:attachment":[{"href":"https:\/\/jonasknecht.com\/index.php?rest_route=%2Fwp%2Fv2%2Fmedia&parent=1169"}],"curies":[{"name":"wp","href":"https:\/\/api.w.org\/{rel}","templated":true}]}}