{"id":2222,"date":"2021-06-09T00:22:26","date_gmt":"2021-06-08T22:22:26","guid":{"rendered":"https:\/\/theater-konstellationen.net\/?page_id=2222"},"modified":"2023-01-15T20:05:19","modified_gmt":"2023-01-15T19:05:19","slug":"endstation-sehnsucht","status":"publish","type":"page","link":"https:\/\/jonasknecht.com\/?page_id=2222","title":{"rendered":"Endstation Sehnsucht"},"content":{"rendered":"<h1>Drama von Tennessee Williams<\/h1>\n<h2 style=\"text-align: left;\">Theater St.Gallen | Grosses Haus<\/h2>\n<p style=\"text-align: left;\"><b>Am 7.Juni 2019 hatten wir Premiere im Grossen Haus des Theaters St.Gallen. Ein langanhaltender Applaus hat unsere riesige Arbeit belohnt.\u00a0<\/b><\/p>\n<p>\n\t\t<!-- MasterSlider -->\n\t\t<div id=\"P_MS6580852a4b112\" class=\"master-slider-parent ms-parent-id-10\" style=\"\" >\n\n\t\t\t\n\t\t\t<!-- MasterSlider Main -->\n\t\t\t<div id=\"MS6580852a4b112\" class=\"master-slider ms-skin-default\" >\n\t\t\t\t \t\t\t\t \n\n\t\t\t<div  class=\"ms-slide\" data-delay=\"3\" data-fill-mode=\"fill\"   >\n\t\t\t\t\t<img decoding=\"async\" src=\"https:\/\/jonasknecht.com\/wp-content\/plugins\/masterslider\/public\/assets\/css\/blank.gif\" alt=\"\" title=\"62009839_10156417241646762_7772764927327993856_o\" data-src=\"https:\/\/jonasknecht.com\/wp-content\/uploads\/2019\/06\/62009839_10156417241646762_7772764927327993856_o.jpg\" \/>\n\n\n\t\t\t\t<\/div>\n\t\t\t<div  class=\"ms-slide\" data-delay=\"3\" data-fill-mode=\"fill\"   >\n\t\t\t\t\t<img decoding=\"async\" src=\"https:\/\/jonasknecht.com\/wp-content\/plugins\/masterslider\/public\/assets\/css\/blank.gif\" alt=\"\" title=\"61696645_10156417241896762_878119481145032704_o\" data-src=\"https:\/\/jonasknecht.com\/wp-content\/uploads\/2019\/06\/61696645_10156417241896762_878119481145032704_o.jpg\" \/>\n\n\n\t\t\t\t<\/div>\n\t\t\t<div  class=\"ms-slide\" data-delay=\"3\" data-fill-mode=\"fit\"   >\n\t\t\t\t\t<img decoding=\"async\" src=\"https:\/\/jonasknecht.com\/wp-content\/plugins\/masterslider\/public\/assets\/css\/blank.gif\" alt=\"\" title=\"62214991_10156417241926762_2137687437483180032_o\" data-src=\"https:\/\/jonasknecht.com\/wp-content\/uploads\/2019\/06\/62214991_10156417241926762_2137687437483180032_o.jpg\" \/>\n\n\n\t\t\t\t<\/div>\n\t\t\t<div  class=\"ms-slide\" data-delay=\"3\" data-fill-mode=\"fill\"   >\n\t\t\t\t\t<img decoding=\"async\" src=\"https:\/\/jonasknecht.com\/wp-content\/plugins\/masterslider\/public\/assets\/css\/blank.gif\" alt=\"\" title=\"62131344_10156417241601762_8934356278688350208_o\" data-src=\"https:\/\/jonasknecht.com\/wp-content\/uploads\/2019\/06\/62131344_10156417241601762_8934356278688350208_o.jpg\" \/>\n\n\n\t\t\t\t<\/div>\n\t\t\t<div  class=\"ms-slide\" data-delay=\"3\" data-fill-mode=\"fill\"   >\n\t\t\t\t\t<img decoding=\"async\" src=\"https:\/\/jonasknecht.com\/wp-content\/plugins\/masterslider\/public\/assets\/css\/blank.gif\" alt=\"\" title=\"DRAMA2019090-1276\" data-src=\"https:\/\/jonasknecht.com\/wp-content\/uploads\/2021\/06\/DRAMA2019090-1276-scaled.jpg\" \/>\n\n\n\t\t\t\t<\/div>\n\t\t\t<div  class=\"ms-slide\" data-delay=\"3\" data-fill-mode=\"fit\"   >\n\t\t\t\t\t<img decoding=\"async\" src=\"https:\/\/jonasknecht.com\/wp-content\/plugins\/masterslider\/public\/assets\/css\/blank.gif\" alt=\"\" title=\"62144468_10156417241876762_6570063965781491712_o\" data-src=\"https:\/\/jonasknecht.com\/wp-content\/uploads\/2019\/06\/62144468_10156417241876762_6570063965781491712_o.jpg\" \/>\n\n\n\t\t\t\t<\/div>\n\t\t\t<div  class=\"ms-slide\" data-delay=\"3\" data-fill-mode=\"fill\"   >\n\t\t\t\t\t<img decoding=\"async\" src=\"https:\/\/jonasknecht.com\/wp-content\/plugins\/masterslider\/public\/assets\/css\/blank.gif\" alt=\"\" title=\"DRAMA2019090-1592\" data-src=\"https:\/\/jonasknecht.com\/wp-content\/uploads\/2021\/06\/DRAMA2019090-1592-scaled.jpg\" \/>\n\n\n\t\t\t\t<\/div>\n\t\t\t<div  class=\"ms-slide\" data-delay=\"3\" data-fill-mode=\"fit\"   >\n\t\t\t\t\t<img decoding=\"async\" src=\"https:\/\/jonasknecht.com\/wp-content\/plugins\/masterslider\/public\/assets\/css\/blank.gif\" alt=\"\" title=\"62044780_10156417241431762_183652655548071936_o\" data-src=\"https:\/\/jonasknecht.com\/wp-content\/uploads\/2019\/06\/62044780_10156417241431762_183652655548071936_o.jpg\" \/>\n\n\n\t\t\t\t<\/div>\n\t\t\t<div  class=\"ms-slide\" data-delay=\"3\" data-fill-mode=\"fit\"   >\n\t\t\t\t\t<img decoding=\"async\" src=\"https:\/\/jonasknecht.com\/wp-content\/plugins\/masterslider\/public\/assets\/css\/blank.gif\" alt=\"\" title=\"62077294_10156417241131762_2973825245397385216_o\" data-src=\"https:\/\/jonasknecht.com\/wp-content\/uploads\/2019\/06\/62077294_10156417241131762_2973825245397385216_o.jpg\" \/>\n\n\n\t\t\t\t<\/div>\n\t\t\t<div  class=\"ms-slide\" data-delay=\"3\" data-fill-mode=\"fill\"   >\n\t\t\t\t\t<img decoding=\"async\" src=\"https:\/\/jonasknecht.com\/wp-content\/plugins\/masterslider\/public\/assets\/css\/blank.gif\" alt=\"\" title=\"62032520_10156417241106762_7377791750443630592_o\" data-src=\"https:\/\/jonasknecht.com\/wp-content\/uploads\/2019\/06\/62032520_10156417241106762_7377791750443630592_o.jpg\" \/>\n\n\n\t\t\t\t<\/div>\n\t\t\t<div  class=\"ms-slide\" data-delay=\"3\" data-fill-mode=\"fill\"   >\n\t\t\t\t\t<img decoding=\"async\" src=\"https:\/\/jonasknecht.com\/wp-content\/plugins\/masterslider\/public\/assets\/css\/blank.gif\" alt=\"\" title=\"62019798_10156417241636762_285896787275808768_o\" data-src=\"https:\/\/jonasknecht.com\/wp-content\/uploads\/2019\/06\/62019798_10156417241636762_285896787275808768_o.jpg\" \/>\n\n\n\t\t\t\t<\/div>\n\t\t\t<div  class=\"ms-slide\" data-delay=\"3\" data-fill-mode=\"fill\"   >\n\t\t\t\t\t<img decoding=\"async\" src=\"https:\/\/jonasknecht.com\/wp-content\/plugins\/masterslider\/public\/assets\/css\/blank.gif\" alt=\"\" title=\"61999725_10156417241456762_8527151086484586496_o\" data-src=\"https:\/\/jonasknecht.com\/wp-content\/uploads\/2019\/06\/61999725_10156417241456762_8527151086484586496_o.jpg\" \/>\n\n\n\t\t\t\t<\/div>\n\t\t\t<div  class=\"ms-slide\" data-delay=\"3\" data-fill-mode=\"fit\"   >\n\t\t\t\t\t<img decoding=\"async\" src=\"https:\/\/jonasknecht.com\/wp-content\/plugins\/masterslider\/public\/assets\/css\/blank.gif\" alt=\"\" title=\"61907830_10156417241466762_2063046914537947136_o\" data-src=\"https:\/\/jonasknecht.com\/wp-content\/uploads\/2019\/06\/61907830_10156417241466762_2063046914537947136_o.jpg\" \/>\n\n\n\t\t\t\t<\/div>\n\t\t\t<div  class=\"ms-slide\" data-delay=\"3\" data-fill-mode=\"fill\"   >\n\t\t\t\t\t<img decoding=\"async\" src=\"https:\/\/jonasknecht.com\/wp-content\/plugins\/masterslider\/public\/assets\/css\/blank.gif\" alt=\"\" title=\"61817069_10156417242216762_2696344953344229376_o\" data-src=\"https:\/\/jonasknecht.com\/wp-content\/uploads\/2019\/06\/61817069_10156417242216762_2696344953344229376_o.jpg\" \/>\n\n\n\t\t\t\t<\/div>\n\t\t\t<div  class=\"ms-slide\" data-delay=\"3\" data-fill-mode=\"fit\"   >\n\t\t\t\t\t<img decoding=\"async\" src=\"https:\/\/jonasknecht.com\/wp-content\/plugins\/masterslider\/public\/assets\/css\/blank.gif\" alt=\"\" title=\"61765797_10156417241146762_2455169409958805504_o\" data-src=\"https:\/\/jonasknecht.com\/wp-content\/uploads\/2019\/06\/61765797_10156417241146762_2455169409958805504_o.jpg\" \/>\n\n\n\t\t\t\t<\/div>\n\n\t\t\t<\/div>\n\t\t\t<!-- END MasterSlider Main -->\n\n\t\t\t \n\t\t<\/div>\n\t\t<!-- END MasterSlider -->\n\n\t\t<script>\n\t\t( window.MSReady = window.MSReady || [] ).push( function( $ ) {\n\n\t\t\t\"use strict\";\n\t\t\tvar masterslider_b112 = new MasterSlider();\n\n\t\t\t\/\/ slider controls\n\t\t\tmasterslider_b112.control('arrows'     ,{ autohide:true, overVideo:true  });\n\t\t\t\/\/ slider setup\n\t\t\tmasterslider_b112.setup(\"MS6580852a4b112\", {\n\t\t\t\twidth           : 900,\n\t\t\t\theight          : 620,\n\t\t\t\tminHeight       : 0,\n\t\t\t\tspace           : 0,\n\t\t\t\tstart           : 1,\n\t\t\t\tgrabCursor      : false,\n\t\t\t\tswipe           : true,\n\t\t\t\tmouse           : true,\n\t\t\t\tkeyboard        : false,\n\t\t\t\tlayout          : \"fillwidth\",\n\t\t\t\twheel           : false,\n\t\t\t\tautoplay        : false,\n                instantStartLayers:false,\n\t\t\t\tmobileBGVideo:false,\n\t\t\t\tloop            : true,\n\t\t\t\tshuffle         : false,\n\t\t\t\tpreload         : 0,\n\t\t\t\theightLimit     : true,\n\t\t\t\tautoHeight      : false,\n\t\t\t\tsmoothHeight    : true,\n\t\t\t\tendPause        : false,\n\t\t\t\toverPause       : true,\n\t\t\t\tfillMode        : \"fill\",\n\t\t\t\tcenterControls  : true,\n\t\t\t\tstartOnAppear   : false,\n\t\t\t\tlayersMode      : \"center\",\n\t\t\t\tautofillTarget  : \"\",\n\t\t\t\thideLayers      : false,\n\t\t\t\tfullscreenMargin: 0,\n\t\t\t\tspeed           : 15,\n\t\t\t\tdir             : \"h\",\n\t\t\t\tresponsive      : true,\n\t\t\t\ttabletWidth     : 768,\n\t\t\t\ttabletHeight    : null,\n\t\t\t\tphoneWidth      : 480,\n\t\t\t\tphoneHeight    : null,\n\t\t\t\tsizingReference : window,\n\t\t\t\tparallaxMode    : 'swipe',\n\t\t\t\tview            : \"basic\"\n\t\t\t});\n\n\t\t\t\n\t\t\twindow.masterslider_instances = window.masterslider_instances || [];\n\t\t\twindow.masterslider_instances.push( masterslider_b112 );\n\t\t});\n\t\t<\/script>\n\n \u00a9 Fotos drama-berlin.de \/ Iko Freese<\/p>\n<hr \/>\n<h2><strong>Presse<\/strong><\/h2>\n<div class=\"bcc-column-cont row mceNonEditable\">\n<div class=\"bcc-column col-lg-4 col-md-4 col-sm-12 col-xs-12\">\n<p><strong>Das Ostschweizer Kulturmagazin <a href=\"https:\/\/www.saiten.ch\/absolut-blanche\/\" target=\"_blank\" rel=\"noopener noreferrer\">Saiten<\/a> (Daniel Fuchs) meint:<\/strong> [&#8230;] Nahaufnahmen, Seitenaufnahmen, Innenszenen \u2013 der Blick des Zuschauers wird multiperspektivisch aufgebrochen. Und doch bleibt am Ende das Ganze kompakt und absolut stimmig, schwebend zwischen Film und Theater.<br \/>\nLive gespielt und leitmotivisch gesetzt, unterlegt Andi Peter das Drama mit feinen T\u00f6nen: kleine Riffs, bluesige Motive, immer in der richtigen Dosierung. Was die Musik leistet, steht sinnbildlich f\u00fcr die gesamte Inszenierung von Jonas Knecht: Aus wenig wird viel! Und am Ende des Dramas den \u00abJungen Mann\u00bb im Kittel des Psychiaters auftreten zu lassen, ist ein genialer Einfall.<br \/>\nGute zwei Stunden Verzauberung sind in dieser <em>Endstation Sehnsucht <\/em>garantiert.<\/p>\n<\/div>\n<div class=\"bcc-column col-lg-4 col-md-4 col-sm-12 col-xs-12\">\n<p><strong>Rolf App meint in der <a href=\"https:\/\/www.tagblatt.ch\/kultur\/die-hautungen-der-blanche-dubois-ld.1125926\" target=\"_blank\" rel=\"noopener noreferrer\">Ostschweiz am Sonntag<\/a>:<\/strong>\u00a0[&#8230;] Clemens Walters Videokonzept und Jonas Knechts Insze\u00adnierung verbinden sich auf eindrucksvolle Weise zu einem Ganzen. Sie finden auf Michael K\u00f6pkes B\u00fchne ein ideales Tummelfeld. Der enge Wohnwagen und ein paar Plastikst\u00fchle draussen gen\u00fcgen, um das menschliche Drama in Szene zu setzen. Andi Peter unterlegt mit Bassgitarre, Klavier und Stimme einen Klangteppich, der viel beitr\u00e4gt zur eindringlichen Wirkung des Abends. [&#8230;]<\/p>\n<p><strong>Und im <a href=\"https:\/\/www.tagblatt.ch\/kultur\/stanley-kowalski-raumt-auf-ld.1126517\" target=\"_blank\" rel=\"noopener noreferrer\">St.Galler Tagblatt<\/a> steht:<\/strong> [&#8230;] Mit \u00abEndstation Sehnsucht\u00bb von Tennessee Williams gelingt Jonas Knecht am Theater St.\u2009Gallen ein eindringlicher Wurf. Nicht zuletzt dank Anja Tobler in der Rolle der Blanche DuBois, deren Spiel fr\u00f6steln l\u00e4sst. [&#8230;]\u00a0W\u00e4hrend Blanche auf die Narben in ihrem Innern Schutzschicht um Schutzschicht an erfundenen Geschichten legt wie Schminke auf ihr alterndes Gesicht, demontiert er sie St\u00fcck um St\u00fcck. Die Leere in ihrem Herzen, sie ist unertr\u00e4glich. Nicht nur f\u00fcr Blanche selber. Auch f\u00fcr uns.\u00a0Das aber ist Anja Toblers Verdienst. Ihr von den Kameras unbarmherzig herangezoomtes Gesicht spricht B\u00e4nde. Da steht eine Schauspielerin auf der B\u00fchne, die restlos verschmilzt mit ihrer Figur. Die mit ihr unter Stanleys verbalen Hammerschl\u00e4gen ihre W\u00fcrde verliert und zugrunde geht an der Wahrheit.\u00a0Einmal, gegen Ende hin, verkriecht Blanche sich unter einen Tisch, verfolgt von den Kameras. Es ist eine Schl\u00fcsselszene dieser eindrucksvollen Inszenierung.<\/p>\n<\/div>\n<div class=\"bcc-column col-lg-4 col-md-4 col-sm-12 col-xs-12\">\n<p><strong>F\u00fcr <a href=\"https:\/\/nachtkritik.de\/index.php?option=com_content&amp;view=article&amp;id=16867:endstation-sehnsucht-theater-st-gallen-als-kammerspiel-mit-kameras-inszeniert-schauspieldirektor-jonas-knecht-den-tennessee-williams-klassiker&amp;catid=38&amp;Itemid=40\" target=\"_blank\" rel=\"noopener noreferrer\">nachtkritik<\/a>\u00a0war Valeria Heintges bei uns:<\/strong> [&#8230;] Die Live\u00fcbertragung gibt den Schauspielern, allen voraus Anja Tobler als Blanche, die Gelegenheit, genauer und feiner zu spielen. Beeindruckend, wie Tobler ihre Blanche zwischen Hoffnung und Verzweiflung oszillieren l\u00e4sst, wie sie sich am eigenen Verf\u00fchrungsspiel berauscht, das sie ausnahmslos allen M\u00e4nnern angedeihen l\u00e4sst, die ihr begegnen. Am flirrendsten und erotischsten in der Begegnung mit dem Zeitungskurier (Tobias Graupner), der sie an ihren Ehemann erinnert, der sich erschoss, als sie seine Homosexualit\u00e4t entdeckte, und dessen Tod Blanche nie \u00fcberwunden hat. Wie Tobler hier die Contenance der Lady wahrt und doch den Kurier immer wieder zur\u00fcckruft, um ihn erneut zu becircen, das hat gro\u00dfe Klasse. [&#8230;]<\/p>\n<p><strong>Der <a href=\"https:\/\/www.suedkurier.de\/ueberregional\/kultur\/Bewegend-Endstation-Sehnsucht-in-St-Gallen;art10399,10179418\" target=\"_blank\" rel=\"noopener noreferrer\">S\u00fcdkurier<\/a> meldet:<\/strong> [&#8230;] Bewegend: \u201eEndstation Sehnsucht\u201c in St. Gallen:\u00a0Bei Tennesee Williams\u2018 Klassiker denkt man vor allem an die Verfilmung mit Marlon Brando. Doch die St. Galler Inszenierung verhilft der deutlich vielgestaltigeren Figur der Blanche wieder ins Rampenlicht. [&#8230;]<\/p>\n<\/div>\n<div class=\"clearfix mceNonEditable\"><\/div>\n<\/div>\n<hr \/>\n<h2><strong>Trailer<\/strong><\/h2>\n<p><iframe loading=\"lazy\" title=\"Theater St.Gallen \/ Endstation Sehnsucht \/ Trailer\" src=\"https:\/\/player.vimeo.com\/video\/341976047?dnt=1&amp;app_id=122963\" width=\"500\" height=\"281\" frameborder=\"0\" allow=\"autoplay; fullscreen; picture-in-picture; clipboard-write\"><\/iframe><\/p>\n<p>&nbsp;<\/p>\n<hr \/>\n<h2><strong>Zum St\u00fcck<\/strong><\/h2>\n<div class=\"page\" title=\"Page 1\">\n<div class=\"layoutArea\">\n<div class=\"column\">\n<p>Das 1947 uraufgefu\u0308hrte und von Elia Kazan verfilmte Drama Endstation Sehnsucht ist das bekannteste Stu\u0308ck des amerikanischen Schriftstellers Tennessee Williams. Es schildert meisterhaft das Aufeinandertreffen zweier Welten, wie sie unterschiedlicher nicht sein ko\u0308nnten: Der Konflikt zwischen Blanche DuBois, Stella und Stanley Kowalski ist der Konflikt zwischen Illusion und Wirklichkeit, zwischen weiblicher Poesie und ma\u0308nnlicher Ha\u0308rte, zwischen Sehnsucht und Trieb.<\/p>\n<p>In der Inszenierung von Jonas Knecht werden Elemente aus Theater und Film zusammengefu\u0308hrt. Kameraleute auf der Bu\u0308hne produzieren Filmsequenzen, welche klassischen Theaterspielszenen gegenu\u0308ber gestellt werden. Dadurch entsteht eine Interaktion zwischen filmischem Realismus und Theater, die es ermo\u0308glicht, das Kammerspielartige des Stu\u0308cks immer wieder aufzubrechen und auszuweiten.\u00a0Verantwortlich fu\u0308r das Videodesign ist Clemens Walter, dessen spektakula\u0308re Inszenierung von George Brants &#8222;Am Boden&#8220; im Herbst 2016 in der Lokremise zu sehen war. Die Bu\u0308hne, einen realistischen Trailerpark-Trailer, entwarf Michael Ko\u0308pke, die Kostu\u0308me Friederike Meisel. Es spielt das Schauspielensemble des Theaters St.Gallen.<\/p>\n<\/div>\n<\/div>\n<\/div>\n<hr \/>\n<h2><strong>Besetzung<\/strong><\/h2>\n<div class=\"page\" title=\"Page 2\">\n<div class=\"layoutArea\">\n<div class=\"column\">\n<p><strong>Inszenierung\u00a0<\/strong>Jonas Knecht<br \/>\n<strong>Bu\u0308hne<\/strong> Michael Ko\u0308pke<br \/>\n<strong>Kostu\u0308m<\/strong> Friederike Meisel<br \/>\n<strong>Video<\/strong> Clemens Walter<br \/>\n<strong>Licht<\/strong> Andreas Volk<br \/>\n<strong>Dramaturgie<\/strong> Armin Breidenbach<br \/>\n<strong>Live-Musik<\/strong> Andi Peter<br \/>\n<strong>Live-Video<\/strong> Kristian Breitenbach, Zeno Georgiou<br \/>\n<strong>Live-Video-Schnitt<\/strong> Reto M\u00fcller<\/p>\n<p><strong>Blanche<\/strong> DuBois Anja Tobler<br \/>\n<strong>Stella Kowalski<\/strong> Anna Blumer<br \/>\n<strong>Stanley Kowalski<\/strong> Frederik Rauscher<br \/>\n<strong>Mitch<\/strong> Oliver Losehand<br \/>\n<strong>Eunice<\/strong> Jessica Cuna<br \/>\n<strong>Steve<\/strong> Christian Hettkamp<br \/>\n<strong>Pablo<\/strong> Matthias Albold<br \/>\n<strong>Ein junger Mann \/ Ein Arzt<\/strong> Tobias Graupner<br \/>\n<strong>Eine Krankenschwester<\/strong> Dorothea Gilgen<\/p>\n<hr \/>\n<p>&nbsp;<\/p>\n<\/div>\n<\/div>\n<\/div>\n","protected":false},"excerpt":{"rendered":"<p>Drama von Tennessee Williams Theater St.Gallen | Grosses Haus Am 7.Juni 2019 hatten wir Premiere im Grossen Haus des Theaters St.Gallen. Ein langanhaltender Applaus hat&#8230;<\/p>\n<div class=\"more-link-wrapper\"><a class=\"more-link\" href=\"https:\/\/jonasknecht.com\/?page_id=2222\">Weiterlesen<span class=\"screen-reader-text\">Endstation Sehnsucht<\/span><\/a><\/div>\n","protected":false},"author":1,"featured_media":0,"parent":133,"menu_order":0,"comment_status":"closed","ping_status":"closed","template":"","meta":{"footnotes":""},"class_list":["post-2222","page","type-page","status-publish","hentry","ratio-natural","entry"],"_links":{"self":[{"href":"https:\/\/jonasknecht.com\/index.php?rest_route=\/wp\/v2\/pages\/2222","targetHints":{"allow":["GET"]}}],"collection":[{"href":"https:\/\/jonasknecht.com\/index.php?rest_route=\/wp\/v2\/pages"}],"about":[{"href":"https:\/\/jonasknecht.com\/index.php?rest_route=\/wp\/v2\/types\/page"}],"author":[{"embeddable":true,"href":"https:\/\/jonasknecht.com\/index.php?rest_route=\/wp\/v2\/users\/1"}],"replies":[{"embeddable":true,"href":"https:\/\/jonasknecht.com\/index.php?rest_route=%2Fwp%2Fv2%2Fcomments&post=2222"}],"version-history":[{"count":6,"href":"https:\/\/jonasknecht.com\/index.php?rest_route=\/wp\/v2\/pages\/2222\/revisions"}],"predecessor-version":[{"id":2741,"href":"https:\/\/jonasknecht.com\/index.php?rest_route=\/wp\/v2\/pages\/2222\/revisions\/2741"}],"up":[{"embeddable":true,"href":"https:\/\/jonasknecht.com\/index.php?rest_route=\/wp\/v2\/pages\/133"}],"wp:attachment":[{"href":"https:\/\/jonasknecht.com\/index.php?rest_route=%2Fwp%2Fv2%2Fmedia&parent=2222"}],"curies":[{"name":"wp","href":"https:\/\/api.w.org\/{rel}","templated":true}]}}