{"id":466,"date":"2017-10-22T00:48:10","date_gmt":"2017-10-21T22:48:10","guid":{"rendered":"http:\/\/theaterkonstellationen.ch\/?page_id=466"},"modified":"2026-01-27T00:05:06","modified_gmt":"2026-01-26T23:05:06","slug":"kontakt-impressum","status":"publish","type":"page","link":"https:\/\/jonasknecht.com\/?page_id=466","title":{"rendered":"Kontakt \/ Impressum"},"content":{"rendered":"<figure id=\"attachment_2849\" aria-describedby=\"caption-attachment-2849\" style=\"width: 2560px\" class=\"wp-caption alignleft\"><img loading=\"lazy\" decoding=\"async\" class=\"wp-image-2849 size-full\" src=\"https:\/\/theater-konstellationen.net\/wp-content\/uploads\/2023\/05\/Knecht_Jonas_173_schmal-scaled.jpg\" alt=\"\" width=\"2560\" height=\"773\" srcset=\"https:\/\/jonasknecht.com\/wp-content\/uploads\/2023\/05\/Knecht_Jonas_173_schmal-scaled.jpg 2560w, https:\/\/jonasknecht.com\/wp-content\/uploads\/2023\/05\/Knecht_Jonas_173_schmal-845x255.jpg 845w, https:\/\/jonasknecht.com\/wp-content\/uploads\/2023\/05\/Knecht_Jonas_173_schmal-768x232.jpg 768w, https:\/\/jonasknecht.com\/wp-content\/uploads\/2023\/05\/Knecht_Jonas_173_schmal-1536x464.jpg 1536w, https:\/\/jonasknecht.com\/wp-content\/uploads\/2023\/05\/Knecht_Jonas_173_schmal-2048x618.jpg 2048w\" sizes=\"auto, (max-width: 2560px) 100vw, 2560px\" \/><figcaption id=\"caption-attachment-2849\" class=\"wp-caption-text\">Jonas Knecht | Foto \u00a9 T+T Fotografie<\/figcaption><\/figure>\n<h2>Kontakt<\/h2>\n<p>Wenn Sie mit mir in Kontakt treten m\u00f6chten, so schreiben Sie mir eine <a href=\"mailto:theater@jonasknecht.com\">eMail<\/a> oder nutzen das untenstehende Kontaktformular.<\/p>\n<p><div class=\"everest-forms\"><div class=\"evf-container default\" id=\"evf-1894\"><form id=\"evf-form-1894\" class=\"everest-form\" data-formid=\"1894\" data-ajax_submission=\"0\" data-keyboard_friendly_form=\"0\" data-form_state_type=\"\" method=\"post\" enctype=\"multipart\/form-data\" action=\"\/index.php?rest_route=%2Fwp%2Fv2%2Fpages%2F466\"><div class=\"evf-field-container\"><input type=\"hidden\" id=\"_wpnonce1894\" name=\"_wpnonce1894\" value=\"ba25f8c8a7\" \/><input type=\"hidden\" name=\"_wp_http_referer\" value=\"\/index.php?rest_route=%2Fwp%2Fv2%2Fpages%2F466\" \/><div class=\"evf-frontend-row\" data-row=\"row_1\" conditional_rules=\"[]\"><div class=\"evf-frontend-grid evf-grid-1\" data-grid=\"grid_1\"><div id=\"evf-1894-field_fullname-container\" class=\"evf-field evf-field-text form-row validate-required\" data-required-field-message=\"Dieses Feld darf nicht leer sein.\" data-field-id=\"fullname\"><label class=\"evf-field-label evf-label-hide\" for=\"evf-1894-field_fullname\"><span class=\"evf-label\">Name<\/span> <abbr class=\"required\" title=\"Required\">*<\/abbr><\/label><input type=\"text\" id=\"evf-1894-field_fullname\" class=\"input-text\" name=\"everest_forms[form_fields][fullname]\" placeholder=\"Name und Vorname\" required><\/div><div id=\"evf-1894-field_email-container\" class=\"evf-field evf-field-email form-row validate-required validate-email\" data-required-field-message=\"Bitte eine g\u00fcltige eMail-Adresse eintragen.\" data-field-id=\"email\"><label class=\"evf-field-label evf-label-hide\" for=\"evf-1894-field_email\"><span class=\"evf-label\">Email<\/span> <abbr class=\"required\" title=\"Required\">*<\/abbr><\/label><input type=\"email\" id=\"evf-1894-field_email\" class=\"input-text\" name=\"everest_forms[form_fields][email]\" placeholder=\"eMail\" required ><\/div><div id=\"evf-1894-field_message-container\" class=\"evf-field evf-field-textarea form-row validate-required\" data-required-field-message=\"Dieses Feld darf nicht leer sein.\" data-field-id=\"message\"><label class=\"evf-field-label evf-label-hide\" for=\"evf-1894-field_message\"><span class=\"evf-label\">Nachricht<\/span> <abbr class=\"required\" title=\"Required\">*<\/abbr><\/label><textarea id=\"evf-1894-field_message\" class=\"input-text\" name=\"everest_forms[form_fields][message]\" placeholder=\"Nachricht\" required ><\/textarea><\/div><\/div><\/div><\/div><div class=\"evf-honeypot-container evf-field-hp\"><label for=\"evf-1894-field-hp\" class=\"evf-field-label\">Comment<\/label><input type=\"text\" name=\"everest_forms[hp]\" id=\"evf-1894-field-hp\" class=\"input-text\"><\/div><div class=\"evf-submit-container \" ><input type=\"hidden\" name=\"everest_forms[id]\" value=\"1894\"><input type=\"hidden\" name=\"everest_forms[author]\" value=\"1\"><button type='submit' name='everest_forms[submit]' class='everest-forms-submit-button button evf-submit ' id='evf-submit-1894' value='evf-submit' data-process-text=\"...sende Daten\" conditional_rules='&quot;&quot;' conditional_id='evf-submit-1894'  id=\"evf-submit-1894\" aria-live=\"assertive\">Absenden<\/button><\/div><\/form><\/div><!-- .evf-container --><\/div><strong><span style=\"color: #ffffff;\">.<\/span><\/strong><\/p>\n<h2>Rechtliche Hinweise<\/h2>\n<p>Ich weise darauf hin, dass Informationen auf dieser Seite Ungenauigkeiten oder Fehler enthalten k\u00f6nnen. Ich behalte mir vor, die Informationen auf dieser Seite jederzeit und ohne vorherige Ank\u00fcndigung zu \u00e4ndern oder zu aktualisieren.<\/p>\n<p>Alle auf diesen Internetseiten ver\u00f6ffentlichten Texte, Dateien und Bilder sind urheberrechtlich gesch\u00fctzt. Jede weitere Ver\u00f6ffentlichung, Vervielf\u00e4ltigung, Verbreitung oder sonstige Nutzung \u2013 auch auszugsweise \u2013 bedarf der schriftlichen Genehmigung durch mich bzw. durch die Urheberin, den Urheber.<br \/>\nDie benutzten Fotos sind von Tanja Dorendorf und Toni Suter (T+T Fotografie), von Iko Freese (DRAMA. Berlin), von Sebastian Hoppe, Jos Schmid und Martin Kauhold.<\/p>\n<h2>Haftungsausschluss<\/h2>\n<p>Trotz sorgf\u00e4ltiger inhaltlicher Kontrolle \u00fcbernehme ich keine Haftung f\u00fcr die Inhalte externer Links. F\u00fcr den Inhalt der verlinkten Seiten sind ausschlie\u00dflich deren Betreiberinnen verantwortlich. Deren Nutzung erfolgt auf eigenes Risiko.<\/p>\n<p>\u00a9 2026 Jonas Knecht<\/p>\n","protected":false},"excerpt":{"rendered":"<p>Kontakt Wenn Sie mit mir in Kontakt treten m\u00f6chten, so schreiben Sie mir eine eMail oder nutzen das untenstehende Kontaktformular. . Rechtliche Hinweise Ich weise&#8230;<\/p>\n<div class=\"more-link-wrapper\"><a class=\"more-link\" href=\"https:\/\/jonasknecht.com\/?page_id=466\">Weiterlesen<span class=\"screen-reader-text\">Kontakt \/ Impressum<\/span><\/a><\/div>\n","protected":false},"author":1,"featured_media":0,"parent":0,"menu_order":20,"comment_status":"closed","ping_status":"closed","template":"","meta":{"footnotes":""},"class_list":["post-466","page","type-page","status-publish","hentry","ratio-natural","entry"],"_links":{"self":[{"href":"https:\/\/jonasknecht.com\/index.php?rest_route=\/wp\/v2\/pages\/466","targetHints":{"allow":["GET"]}}],"collection":[{"href":"https:\/\/jonasknecht.com\/index.php?rest_route=\/wp\/v2\/pages"}],"about":[{"href":"https:\/\/jonasknecht.com\/index.php?rest_route=\/wp\/v2\/types\/page"}],"author":[{"embeddable":true,"href":"https:\/\/jonasknecht.com\/index.php?rest_route=\/wp\/v2\/users\/1"}],"replies":[{"embeddable":true,"href":"https:\/\/jonasknecht.com\/index.php?rest_route=%2Fwp%2Fv2%2Fcomments&post=466"}],"version-history":[{"count":10,"href":"https:\/\/jonasknecht.com\/index.php?rest_route=\/wp\/v2\/pages\/466\/revisions"}],"predecessor-version":[{"id":3197,"href":"https:\/\/jonasknecht.com\/index.php?rest_route=\/wp\/v2\/pages\/466\/revisions\/3197"}],"wp:attachment":[{"href":"https:\/\/jonasknecht.com\/index.php?rest_route=%2Fwp%2Fv2%2Fmedia&parent=466"}],"curies":[{"name":"wp","href":"https:\/\/api.w.org\/{rel}","templated":true}]}}